{"id":292,"date":"2020-03-24T12:34:48","date_gmt":"2020-03-24T11:34:48","guid":{"rendered":"https:\/\/cars.andre-chevalley.ch\/?page_id=292"},"modified":"2021-12-07T08:09:08","modified_gmt":"2021-12-07T07:09:08","slug":"en-stock","status":"publish","type":"page","link":"https:\/\/www.andre-chevalley.ch\/en-stock\/","title":{"rendered":"En Stock"},"content":{"rendered":"<section class=\"wpb-content-wrapper\"><p>[vc_row][vc_column offset=&#8221;vc_hidden-lg vc_hidden-md vc_hidden-sm&#8221;][vc_single_image image=&#8221;22628&#8243; img_size=&#8221;full&#8221; alignment=&#8221;center&#8221; css=&#8221;.vc_custom_1591790977427{margin-bottom: 0px !important;}&#8221;][\/vc_column][\/vc_row][vc_row full_width=&#8221;stretch_row&#8221; parallax=&#8221;content-moving&#8221; parallax_image=&#8221;22626&#8243; parallax_speed_bg=&#8221;1.2&#8243;][vc_column width=&#8221;1\/12&#8243; offset=&#8221;vc_hidden-xs&#8221;][vc_empty_space height=&#8221;450px&#8221;][\/vc_column][vc_column width=&#8221;11\/12&#8243; offset=&#8221;vc_hidden-xs&#8221;][vc_column_text]<\/p>\n<h1><span style=\"color: #ffffff;\">Stock de v\u00e9hicules du Groupe Chevalley<\/span><\/h1>\n<h4><span style=\"color: #ffffff;\">neuf, direction et occasion toutes marques<\/span><\/h4>\n<p>[\/vc_column_text][\/vc_column][\/vc_row][vc_row][vc_column offset=&#8221;vc_hidden-lg vc_hidden-md vc_hidden-sm&#8221; css=&#8221;.vc_custom_1588256510985{padding-top: 0px !important;}&#8221;][vc_single_image image=&#8221;22626&#8243; img_size=&#8221;full&#8221;][vc_column_text]<\/p>\n<h1 style=\"font-size: 30px; line-height: 36px;\">Stock de v\u00e9hicules du Groupe Chevalley<\/h1>\n<h4 style=\"font-size: 18px;\">neuf, direction et occasion toutes marques<\/h4>\n<p>[\/vc_column_text][\/vc_column][\/vc_row][vc_row full_width=&#8221;stretch_row&#8221; css=&#8221;.vc_custom_1587973013866{background-color: #0f0f0f !important;}&#8221;][vc_column width=&#8221;1\/5&#8243; offset=&#8221;vc_hidden-xs&#8221;][vc_single_image image=&#8221;22625&#8243; img_size=&#8221;full&#8221; alignment=&#8221;center&#8221;][vc_column_text]<\/p>\n<p style=\"text-align: center;\"><span style=\"color: #ffffff;\">Paiement s\u00e9curis\u00e9<\/span><\/p>\n<p>[\/vc_column_text][\/vc_column][vc_column width=&#8221;1\/5&#8243; offset=&#8221;vc_hidden-xs&#8221;][vc_single_image image=&#8221;22624&#8243; img_size=&#8221;full&#8221; alignment=&#8221;center&#8221;][vc_column_text]<\/p>\n<p style=\"text-align: center;\"><span style=\"color: #ffffff;\">Livraison en agence<br \/>\nou \u00e0 votre domicile<\/span><\/p>\n<p>[\/vc_column_text][\/vc_column][vc_column width=&#8221;1\/5&#8243; offset=&#8221;vc_hidden-xs&#8221;][vc_single_image image=&#8221;22623&#8243; img_size=&#8221;full&#8221; alignment=&#8221;center&#8221;][vc_column_text]<\/p>\n<p style=\"text-align: center;\"><span style=\"color: #ffffff;\">Essai en agence possible<\/span><\/p>\n<p>[\/vc_column_text][\/vc_column][vc_column width=&#8221;1\/5&#8243; offset=&#8221;vc_hidden-xs&#8221;][vc_single_image image=&#8221;22622&#8243; img_size=&#8221;full&#8221; alignment=&#8221;center&#8221;][vc_column_text]<\/p>\n<p style=\"text-align: center;\"><span style=\"color: #ffffff;\">Strict respect des mesures de pr\u00e9caution li\u00e9es au Covid-19<\/span><\/p>\n<p>[\/vc_column_text][\/vc_column][vc_column width=&#8221;1\/5&#8243; offset=&#8221;vc_hidden-xs&#8221;][vc_single_image image=&#8221;22621&#8243; img_size=&#8221;full&#8221; alignment=&#8221;center&#8221;][vc_column_text]<\/p>\n<p style=\"text-align: center;\"><span style=\"color: #ffffff;\">Conseiller de vente \u00e0 votre \u00e9coute<\/span><\/p>\n<p>[\/vc_column_text][\/vc_column][\/vc_row]<\/p>\n<\/section>","protected":false},"excerpt":{"rendered":"<p>[vc_row][vc_column offset=&#8221;vc_hidden-lg vc_hidden-md vc_hidden-sm&#8221;][vc_single_image image=&#8221;22628&#8243; img_size=&#8221;full&#8221; alignment=&#8221;center&#8221; css=&#8221;.vc_custom_1591790977427{margin-bottom: 0px !important;}&#8221;][\/vc_column][\/vc_row][vc_row full_width=&#8221;stretch_row&#8221; parallax=&#8221;content-moving&#8221; parallax_image=&#8221;22626&#8243; parallax_speed_bg=&#8221;1.2&#8243;][vc_column width=&#8221;1\/12&#8243; offset=&#8221;vc_hidden-xs&#8221;][vc_empty_space height=&#8221;450px&#8221;][\/vc_column][vc_column width=&#8221;11\/12&#8243; offset=&#8221;vc_hidden-xs&#8221;][vc_column_text]<\/p>\n<p> Stock de v\u00e9hicules du Groupe Chevalley neuf, direction et occasion toutes marques <\/p>\n<p>[\/vc_column_text][\/vc_column][\/vc_row][vc_row][vc_column offset=&#8221;vc_hidden-lg vc_hidden-md vc_hidden-sm&#8221; css=&#8221;.vc_custom_1588256510985{padding-top: 0px !important;}&#8221;][vc_single_image image=&#8221;22626&#8243; img_size=&#8221;full&#8221;][vc_column_text]<\/p>\n<p> Stock de v\u00e9hicules du Groupe Chevalley neuf, direction et occasion toutes marques <\/p>\n<p>[\/vc_column_text][\/vc_column][\/vc_row][vc_row full_width=&#8221;stretch_row&#8221; css=&#8221;.vc_custom_1587973013866{background-color: #0f0f0f !important;}&#8221;][vc_column width=&#8221;1\/5&#8243; offset=&#8221;vc_hidden-xs&#8221;][vc_single_image image=&#8221;22625&#8243; img_size=&#8221;full&#8221; alignment=&#8221;center&#8221;][vc_column_text]<\/p>\n<p style=\"text-align: center;\">Paiement s\u00e9curis\u00e9<\/p>\n<p>[\/vc_column_text][\/vc_column][vc_column width=&#8221;1\/5&#8243; offset=&#8221;vc_hidden-xs&#8221;][vc_single_image image=&#8221;22624&#8243; img_size=&#8221;full&#8221; alignment=&#8221;center&#8221;][vc_column_text]<\/p>\n<p style=\"text-align: center;\">Livraison en agence<br \/> ou \u00e0 votre domicile<\/p>\n<p>[\/vc_column_text][\/vc_column][vc_column width=&#8221;1\/5&#8243; offset=&#8221;vc_hidden-xs&#8221;][vc_single_image image=&#8221;22623&#8243; img_size=&#8221;full&#8221; alignment=&#8221;center&#8221;][vc_column_text]<\/p>\n<p style=\"text-align: center;\">Essai en agence possible<\/p>\n<p>[\/vc_column_text][\/vc_column][vc_column width=&#8221;1\/5&#8243; offset=&#8221;vc_hidden-xs&#8221;][vc_single_image image=&#8221;22622&#8243; img_size=&#8221;full&#8221; alignment=&#8221;center&#8221;][vc_column_text]<\/p>\n<p style=\"text-align: center;\">Strict respect des mesures de pr\u00e9caution li\u00e9es au Covid-19<\/p>\n<p>[\/vc_column_text][\/vc_column][vc_column width=&#8221;1\/5&#8243; offset=&#8221;vc_hidden-xs&#8221;][vc_single_image image=&#8221;22621&#8243; img_size=&#8221;full&#8221; alignment=&#8221;center&#8221;][vc_column_text]<\/p>\n<p style=\"text-align: center;\">Conseiller de vente \u00e0 votre \u00e9coute<\/p>\n<p>[\/vc_column_text][\/vc_column][\/vc_row]<\/p>\n","protected":false},"author":4,"featured_media":0,"parent":0,"menu_order":0,"comment_status":"closed","ping_status":"closed","template":"en-stock-new-filter-template.php","meta":[],"acf":[],"yoast_head":"<!-- This site is optimized with the Yoast SEO plugin v21.4 - https:\/\/yoast.com\/wordpress\/plugins\/seo\/ -->\n<title>En Stock - Groupe Chevalley<\/title>\n<meta name=\"description\" content=\"S\u00e9lectionnez la voiture de vos r\u00eaves ! Nos 7 concessionnaires disposent d&#039;une des plus grandes s\u00e9lections de v\u00e9hicules neufs et d&#039;occasion de Mercedes-Benz, de Volvo et de nombreuses autres marques renomm\u00e9es. R\u00e9servez votre essai dans votre garage du Groupe Chevalley de Gen\u00e8ve \u00e0 Nyon.\" \/>\n<meta name=\"robots\" content=\"index, follow, max-snippet:-1, max-image-preview:large, max-video-preview:-1\" \/>\n<link rel=\"canonical\" href=\"https:\/\/www.andre-chevalley.ch\/en-stock\/\" \/>\n<meta property=\"og:locale\" content=\"en_US\" \/>\n<meta property=\"og:type\" content=\"article\" \/>\n<meta property=\"og:title\" content=\"En Stock - Groupe Chevalley\" \/>\n<meta property=\"og:description\" content=\"S\u00e9lectionnez la voiture de vos r\u00eaves ! Nos 7 concessionnaires disposent d&#039;une des plus grandes s\u00e9lections de v\u00e9hicules neufs et d&#039;occasion de Mercedes-Benz, de Volvo et de nombreuses autres marques renomm\u00e9es. R\u00e9servez votre essai dans votre garage du Groupe Chevalley de Gen\u00e8ve \u00e0 Nyon.\" \/>\n<meta property=\"og:url\" content=\"https:\/\/www.andre-chevalley.ch\/en-stock\/\" \/>\n<meta property=\"og:site_name\" content=\"Groupe Chevalley\" \/>\n<meta property=\"article:modified_time\" content=\"2021-12-07T07:09:08+00:00\" \/>\n<meta name=\"twitter:card\" content=\"summary_large_image\" \/>\n<meta name=\"twitter:label1\" content=\"Est. reading time\" \/>\n\t<meta name=\"twitter:data1\" content=\"1 minute\" \/>\n<script type=\"application\/ld+json\" class=\"yoast-schema-graph\">{\"@context\":\"https:\/\/schema.org\",\"@graph\":[{\"@type\":\"WebPage\",\"@id\":\"https:\/\/www.andre-chevalley.ch\/en-stock\/\",\"url\":\"https:\/\/www.andre-chevalley.ch\/en-stock\/\",\"name\":\"En Stock - Groupe Chevalley\",\"isPartOf\":{\"@id\":\"https:\/\/www.andre-chevalley.ch\/en-stock\/#website\"},\"datePublished\":\"2020-03-24T11:34:48+00:00\",\"dateModified\":\"2021-12-07T07:09:08+00:00\",\"description\":\"S\u00e9lectionnez la voiture de vos r\u00eaves ! Nos 7 concessionnaires disposent d'une des plus grandes s\u00e9lections de v\u00e9hicules neufs et d'occasion de Mercedes-Benz, de Volvo et de nombreuses autres marques renomm\u00e9es. R\u00e9servez votre essai dans votre garage du Groupe Chevalley de Gen\u00e8ve \u00e0 Nyon.\",\"breadcrumb\":{\"@id\":\"https:\/\/www.andre-chevalley.ch\/en-stock\/#breadcrumb\"},\"inLanguage\":\"en-US\",\"potentialAction\":[{\"@type\":\"ReadAction\",\"target\":[\"https:\/\/www.andre-chevalley.ch\/en-stock\/\"]}]},{\"@type\":\"BreadcrumbList\",\"@id\":\"https:\/\/www.andre-chevalley.ch\/en-stock\/#breadcrumb\",\"itemListElement\":[{\"@type\":\"ListItem\",\"position\":1,\"name\":\"Accueil\",\"item\":\"https:\/\/www.andre-chevalley.ch\/en-stock\/\"},{\"@type\":\"ListItem\",\"position\":2,\"name\":\"En Stock\"}]},{\"@type\":\"WebSite\",\"@id\":\"https:\/\/www.andre-chevalley.ch\/en-stock\/#website\",\"url\":\"https:\/\/www.andre-chevalley.ch\/en-stock\/\",\"name\":\"Groupe Chevalley\",\"description\":\"\",\"potentialAction\":[{\"@type\":\"SearchAction\",\"target\":{\"@type\":\"EntryPoint\",\"urlTemplate\":\"https:\/\/www.andre-chevalley.ch\/en-stock\/?s={search_term_string}\"},\"query-input\":\"required name=search_term_string\"}],\"inLanguage\":\"en-US\"}]}<\/script>\n<!-- \/ Yoast SEO plugin. -->","yoast_head_json":{"title":"En Stock - Groupe Chevalley","description":"S\u00e9lectionnez la voiture de vos r\u00eaves ! Nos 7 concessionnaires disposent d'une des plus grandes s\u00e9lections de v\u00e9hicules neufs et d'occasion de Mercedes-Benz, de Volvo et de nombreuses autres marques renomm\u00e9es. R\u00e9servez votre essai dans votre garage du Groupe Chevalley de Gen\u00e8ve \u00e0 Nyon.","robots":{"index":"index","follow":"follow","max-snippet":"max-snippet:-1","max-image-preview":"max-image-preview:large","max-video-preview":"max-video-preview:-1"},"canonical":"https:\/\/www.andre-chevalley.ch\/en-stock\/","og_locale":"en_US","og_type":"article","og_title":"En Stock - Groupe Chevalley","og_description":"S\u00e9lectionnez la voiture de vos r\u00eaves ! Nos 7 concessionnaires disposent d'une des plus grandes s\u00e9lections de v\u00e9hicules neufs et d'occasion de Mercedes-Benz, de Volvo et de nombreuses autres marques renomm\u00e9es. R\u00e9servez votre essai dans votre garage du Groupe Chevalley de Gen\u00e8ve \u00e0 Nyon.","og_url":"https:\/\/www.andre-chevalley.ch\/en-stock\/","og_site_name":"Groupe Chevalley","article_modified_time":"2021-12-07T07:09:08+00:00","twitter_card":"summary_large_image","twitter_misc":{"Est. reading time":"1 minute"},"schema":{"@context":"https:\/\/schema.org","@graph":[{"@type":"WebPage","@id":"https:\/\/www.andre-chevalley.ch\/en-stock\/","url":"https:\/\/www.andre-chevalley.ch\/en-stock\/","name":"En Stock - Groupe Chevalley","isPartOf":{"@id":"https:\/\/www.andre-chevalley.ch\/en-stock\/#website"},"datePublished":"2020-03-24T11:34:48+00:00","dateModified":"2021-12-07T07:09:08+00:00","description":"S\u00e9lectionnez la voiture de vos r\u00eaves ! Nos 7 concessionnaires disposent d'une des plus grandes s\u00e9lections de v\u00e9hicules neufs et d'occasion de Mercedes-Benz, de Volvo et de nombreuses autres marques renomm\u00e9es. R\u00e9servez votre essai dans votre garage du Groupe Chevalley de Gen\u00e8ve \u00e0 Nyon.","breadcrumb":{"@id":"https:\/\/www.andre-chevalley.ch\/en-stock\/#breadcrumb"},"inLanguage":"en-US","potentialAction":[{"@type":"ReadAction","target":["https:\/\/www.andre-chevalley.ch\/en-stock\/"]}]},{"@type":"BreadcrumbList","@id":"https:\/\/www.andre-chevalley.ch\/en-stock\/#breadcrumb","itemListElement":[{"@type":"ListItem","position":1,"name":"Accueil","item":"https:\/\/www.andre-chevalley.ch\/en-stock\/"},{"@type":"ListItem","position":2,"name":"En Stock"}]},{"@type":"WebSite","@id":"https:\/\/www.andre-chevalley.ch\/en-stock\/#website","url":"https:\/\/www.andre-chevalley.ch\/en-stock\/","name":"Groupe Chevalley","description":"","potentialAction":[{"@type":"SearchAction","target":{"@type":"EntryPoint","urlTemplate":"https:\/\/www.andre-chevalley.ch\/en-stock\/?s={search_term_string}"},"query-input":"required name=search_term_string"}],"inLanguage":"en-US"}]}},"_links":{"self":[{"href":"https:\/\/www.andre-chevalley.ch\/en-stock\/wp-json\/wp\/v2\/pages\/292"}],"collection":[{"href":"https:\/\/www.andre-chevalley.ch\/en-stock\/wp-json\/wp\/v2\/pages"}],"about":[{"href":"https:\/\/www.andre-chevalley.ch\/en-stock\/wp-json\/wp\/v2\/types\/page"}],"author":[{"embeddable":true,"href":"https:\/\/www.andre-chevalley.ch\/en-stock\/wp-json\/wp\/v2\/users\/4"}],"replies":[{"embeddable":true,"href":"https:\/\/www.andre-chevalley.ch\/en-stock\/wp-json\/wp\/v2\/comments?post=292"}],"version-history":[{"count":5,"href":"https:\/\/www.andre-chevalley.ch\/en-stock\/wp-json\/wp\/v2\/pages\/292\/revisions"}],"predecessor-version":[{"id":22629,"href":"https:\/\/www.andre-chevalley.ch\/en-stock\/wp-json\/wp\/v2\/pages\/292\/revisions\/22629"}],"wp:attachment":[{"href":"https:\/\/www.andre-chevalley.ch\/en-stock\/wp-json\/wp\/v2\/media?parent=292"}],"curies":[{"name":"wp","href":"https:\/\/api.w.org\/{rel}","templated":true}]}}